 44?
44
Suppose -x = -2*c - 5, 3*x - 16 = -3*c - 1. Suppose 0 = 5*i + 3*m - 1474, x*i - m - 1470 = -6*m. What is the greatest common divisor of i and 37?
37
Let y(b) = -b**3 - 7*b**2 - 21*b - 21. Let r be y(-7). What is the greatest common divisor of 28 and r?
14
Suppose 6 = 2*n, 4*q - 1072 = 3*n - 7*n. Calculate the highest common factor of 20 and q.
5
Suppose -u + 38 - 22 = 0. Let k(f) = f**2 - 12*f + 40. Let o be k(u). What is the highest common divisor of 13 and o?
13
Suppose -12 = d - 3*h, -4*d + 12 = 2*h - 10. Suppose -4*y + 55 = -d*q, -10 = -3*y - 2*q + 10. Calculate the greatest common divisor of 35 and y.
5
Let u be (-2 - 0) + 449 + -9 + 10. Suppose -8*y = -y - u. What is the greatest common divisor of y and 48?
16
Let g = -176 + 184. What is the greatest common factor of 6 and g?
2
Let b = -624 + 1119. What is the greatest common factor of b and 45?
45
Let p = -244 + 447. Let a(d) = d**2 - 7*d - 15. Let q be a(11). What is the highest common divisor of p and q?
29
Let p(f) = 2*f - 3. Suppose -x = -4 - 8. Let y be 8/x + (-62)/(-6). Let l be p(y). What is the greatest common factor of l and 209?
19
Suppose -c + 9 = 2*c. Let w(i) = -5*i - 6 - i + i**2 + c*i. Let u be w(6). Calculate the greatest common divisor of 48 and u.
12
Let r be 41/(-4) + 12/(-16). Let o = 5 + r. Let p be 1521/52 + o/(-8). Calculate the greatest common factor of p and 45.
15
Let q be ((-5)/4)/(2/(-16)). Let n = 48 - 49. Let c = 4 - n. Calculate the greatest common factor of q and c.
5
Let h = -210 - -223. Let t(z) = 2*z**2 - 10*z + 11. Let k be t(11). What is the highest common divisor of h and k?
13
Let f = 84 - -28. Suppose -5*b = -k - 23, 3*b - 5*k = 5*b + 7. Suppose -7 = -b*c + 49. Calculate the highest common factor of f and c.
14
Let o(q) = 15*q + 147. Let h be o(-7). Suppose -4*i + 12 = 0, 0 = -b + i + 53. What is the highest common factor of b and h?
14
Suppose 4*f - 289 = -821. Let z = f + 275. Suppose 4*x - 26 = z. Calculate the greatest common factor of 6 and x.
6
Suppose 8*w = -11737 + 11777. Suppose -2*n + n = -5. What is the greatest common factor of n and w?
5
Let k(v) = 3*v - 16. Let t be k(7). Suppose -p - 2*c = -20, t = -3*p + 3*c + 20. Suppose -p*g + 48 = -6*g. Calculate the greatest common factor of 108 and g.
12
Let n(a) = -a**3 + 7*a**2 + 16*a - 19. Let y be n(8). Calculate the highest common factor of y and 63.
9
Let k(j) = 10*j**2 - 37*j + 5. Let w be k(4). Let q(l) = -l**3 - 7*l**2 - 6*l - 8. Let p be q(-7). What is the highest common divisor of p and w?
17
Suppose 0*r + 300 = 3*r. Let u = -12875 - -12935. Calculate the highest common factor of u and r.
20
Let o = -1133 - -1149. Let n(y) = y**3 - 5*y**2 + 4. Let v be n(6). Calculate the highest common divisor of o and v.
8
Let g(k) = k**3 - 21*k**2 - 48*k + 55. Let b be g(23). Calculate the highest common factor of b and 9.
9
Let s = -2424 - -2586. What is the highest common divisor of s and 234?
18
Suppose -4*o + 33 = -5*v - 126, 5*v + 3*o = -152. Let w = v + 33. Let n be (-4)/(w/(-4 + 0)). What is the greatest common factor of 2 and n?
2
Let s(t) = t**2 + 11*t + 4. Let q be s(-11). Suppose 5*b + 7 = q*b + 4*w, 4*b - 3*w + 2 = 0. Calculate the highest common divisor of b and 1.
1
Let i be 15 - 19 - 1101/(-3). Calculate the highest common factor of 33 and i.
33
Let a(d) = 3*d**2 + 2*d + 1. Let z be a(-2). Let x be -2*(2 + 20/(-8)). Let o be (73 - (-2 + 3))*1/x. What is the greatest common divisor of z and o?
9
Let i be 0*((-10)/4 + 3) - -68. What is the highest common factor of i and 17?
17
Suppose 0 = -2*d - 2*p + 72, -154 = -5*d - 2*p + 26. Calculate the highest common divisor of 252 and d.
36
Let y = -28 + 32. Let l be (-2 - -8)/(2/y). Calculate the highest common factor of 108 and l.
12
Let k be ((-18)/6)/((-3)/11). Let u be 16*2/4 + 3. Calculate the highest common factor of k and u.
11
Let y be (-4)/3*(-1107)/18. Calculate the greatest common divisor of 41 and y.
41
Let a(k) = -6*k + 8*k**2 - 8 - 3 - 4 + k**3. Let y be a(-8). Calculate the highest common factor of y and 22.
11
Let f(v) = 6 + 9*v - 4*v - 3*v - 5*v. Let s be f(-2). Calculate the greatest common factor of 4 and s.
4
Let y(m) = 3*m**3 + 26*m**2 + 6*m + 4. Let v be y(-6). Let n be 12/(-2 + 11/4). Calculate the greatest common factor of v and n.
16
Let j be (-185)/20 - 1/(-4). Let h = 11 + j. Suppose -2*f = 2*w - 60, -5*w + 2*w + h*f = -90. What is the greatest common factor of 10 and w?
10
Let y be (-33)/((-1416)/(-132) + -11). Calculate the greatest common factor of y and 11.
11
Suppose -3*b + 3 = 0, 5*z = 2*b - 103 + 601. Let l(d) = -d**3 - 12*d**2 - 32*d - 80. Let o be l(-10). What is the highest common factor of z and o?
20
Let n be -3 + 5/10*30. Suppose -2*w + 6 = -n. Calculate the highest common divisor of w and 3.
3
Suppose 18 = -4*b + 90. Calculate the greatest common divisor of b and 10.
2
Suppose 20 = -5*m + m. Suppose d - 5*j - 27 = 3*d, 3*d + 49 = j. Let n = m - d. What is the highest common factor of 11 and n?
11
Let c = 40 - -48. Suppose m - 10 + 0 = -w, -17 = -2*m - 5*w. What is the greatest common divisor of m and c?
11
Suppose -2*d + 220 = -0*d. Suppose -6*b - 8 = -8*b. Suppose -x + d = b*x. Calculate the greatest common factor of x and 11.
11
Suppose -11*b - 3157 = -52*b. Calculate the highest common divisor of 7 and b.
7
Suppose -o = -5*i + 125, 5*o + 28 - 3 = i. Suppose -i = 2*v - 4*v + 5*h, -4*v + 2*h + 42 = 0. Calculate the highest common divisor of 90 and v.
10
Suppose -3*f = 3*d - 99, 3*d + 4*f = 4*d - 18. Let s be -2*((-10)/d - (-446)/(-12)). What is the highest common divisor of 15 and s?
15
Let g(c) = 32*c + 10. Let i be g(-3). Let z = 30 - i. Calculate the greatest common factor of z and 29.
29
Let n(f) = -f**3 + 4*f**2 - 2*f - 2. Let o be n(3). Let q be 15 - 2 - 4/o. Calculate the greatest common factor of q and 45.
9
Suppose -2*l + 210 = 3*l. Let d be (-112)/l*(-9)/4. What is the greatest common factor of d and 18?
6
Let j = -46 + 144. Let b = j + -62. Calculate the highest common factor of 36 and b.
36
Let o = -172 - -202. Calculate the highest common factor of 18 and o.
6
Let v(b) = 24*b - 68. Let k be v(4). Calculate the greatest common divisor of k and 112.
28
Let w(g) = -g**3 - 2*g**2 + 6*g + 7. Let a be w(-5). Let x = a + -27. Let q be (-2)/(-5) - (-40)/x. Calculate the highest common divisor of 8 and q.
2
Let v(x) = -2*x**2 - 93*x - 41. Let n be v(-46). Calculate the greatest common divisor of 155 and n.
5
Suppose 5*i = 3 + 17. Suppose i*r = 3*r + 72. Calculate the greatest common divisor of r and 9.
9
Suppose -2*d - 69 = -23. Let h = -21 - d. Calculate the highest common divisor of 16 and h.
2
Suppose 5*k = s - 15, -k + 77 = 4*s - 4*k. Suppose 3*l + s = 7*l. Suppose -l*q - 792 = -9*q. What is the greatest common factor of 18 and q?
18
Let d(w) = 60*w - 14*w + 4*w + 2 - 8. Let s be d(1). What is the greatest common factor of 11 and s?
11
Let h = 2 + 0. Let z = 18 - 4. Let u = z - h. What is the highest common divisor of u and 60?
12
Let n(m) = 21*m - 49. Let h be n(3). Let y(t) = 154*t**2. Let r be y(1). Calculate the greatest common factor of h and r.
14
Suppose -42 + 234 = -6*t. Let s(z) = z**3 - 7*z**2 + 6*z + 8. Let l be s(6). Let u be (-190)/(-8) - l/t. What is the greatest common divisor of u and 60?
12
Suppose -8*z - 5*f = -4*z - 233, 124 = 2*z + 4*f. Calculate the greatest common divisor of z and 78.
26
Let p(h) = 2*h**3 - 2*h**2 + 2*h + 1. Let i be p(2). Suppose 3 = t + 5*c - 3, 2*c - 70 = -3*t. Calculate the highest common divisor of t and i.
13
Let q(x) = x**3 + 3*x**2 - 4. Let w be q(-2). Suppose -1 - 9 = -5*j, w = -2*u + 4*j. Calculate the highest common divisor of 1 and u.
1
Suppose -2*b + 17 + 41 = 0. Suppose 0 = 3*h - 276 - 36. Suppose 0 = -n + h + 215. Calculate the greatest common divisor of b and n.
29
Let s = 2052 - 1758. What is the greatest common divisor of 42 and s?
42
Let s(k) = -3*k + 8. Let t be s(-9). Let h = -32 + t. Suppose h*v - 45 = 9. What is the highest common divisor of v and 18?
18
Suppose 2*f - d = -3 - 32, -f = -d + 15. Let j = f - -37. Let c = -98 + 115. Calculate the greatest common divisor of j and c.
17
Suppose 754 = 14*j - 1430. Calculate the greatest common factor of 108 and j.
12
Let d be (-4 + (0 - -1))*-25. Suppose -2*o - 2 = -12. Supp